5?
12
Calculate the remainder when 143 is divided by 21.
17
What is the remainder when 38 is divided by 23?
15
Calculate the remainder when 38 is divided by 10.
8
What is the remainder when 140 is divided by 42?
14
What is the remainder when 956 is divided by 122?
102
What is the remainder when 1199 is divided by 8?
7
What is the remainder when 258 is divided by 37?
36
What is the remainder when 3785 is divided by 7?
5
Calculate the remainder when 506 is divided by 502.
4
What is the remainder when 88 is divided by 33?
22
What is the remainder when 1072 is divided by 18?
10
Calculate the remainder when 177 is divided by 12.
9
What is the remainder when 95 is divided by 52?
43
Calculate the remainder when 317 is divided by 20.
17
Calculate the remainder when 1178 is divided by 1160.
18
What is the remainder when 236 is divided by 123?
113
What is the remainder when 169 is divided by 10?
9
Calculate the remainder when 14833 is divided by 23.
21
Calculate the remainder when 6646 is divided by 97.
50
Calculate the remainder when 9709 is divided by 16.
13
Calculate the remainder when 184 is divided by 131.
53
What is the remainder when 2727 is divided by 26?
23
Calculate the remainder when 39 is divided by 29.
10
What is the remainder when 320 is divided by 17?
14
Calculate the remainder when 514 is divided by 65.
59
Calculate the remainder when 7749 is divided by 50.
49
Calculate the remainder when 34 is divided by 21.
13
Calculate the remainder when 2 is divided by 1.
0
What is the remainder when 543 is divided by 21?
18
Calculate the remainder when 266 is divided by 76.
38
Calculate the remainder when 983 is divided by 228.
71
What is the remainder when 1080 is divided by 44?
24
What is the remainder when 650 is divided by 109?
105
Calculate the remainder when 4076 is divided by 22.
6
Calculate the remainder when 323 is divided by 5.
3
What is the remainder when 29 is divided by 1?
0
Calculate the remainder when 1273 is divided by 631.
11
Calculate the remainder when 901 is divided by 36.
1
What is the remainder when 81 is divided by 12?
9
What is the remainder when 747 is divided by 17?
16
Calculate the remainder when 437 is divided by 8.
5
Calculate the remainder when 268 is divided by 137.
131
Calculate the remainder when 24 is divided by 10.
4
Calculate the remainder when 141 is divided by 10.
1
Calculate the remainder when 256 is divided by 70.
46
What is the remainder when 1559 is divided by 30?
29
Calculate the remainder when 242 is divided by 61.
59
What is the remainder when 337 is divided by 118?
101
Calculate the remainder when 409 is divided by 186.
37
Calculate the remainder when 598 is divided by 8.
6
Calculate the remainder when 185 is divided by 26.
3
What is the remainder when 930 is divided by 227?
22
What is the remainder when 621 is divided by 190?
51
Calculate the remainder when 268 is divided by 39.
34
What is the remainder when 192 is divided by 69?
54
Calculate the remainder when 616 is divided by 218.
180
What is the remainder when 651 is divided by 212?
15
What is the remainder when 579 is divided by 193?
0
Calculate the remainder when 1873 is divided by 67.
64
Calculate the remainder when 263 is divided by 8.
7
Calculate the remainder when 14492 is divided by 125.
117
Calculate the remainder when 97 is divided by 33.
31
Calculate the remainder when 732 is divided by 37.
29
Calculate the remainder when 1014 is divided by 127.
125
Calculate the remainder when 16267 is divided by 196.
195
What is the remainder when 4114 is divided by 1026?
10
Calculate the remainder when 951 is divided by 17.
16
What is the remainder when 81 is divided by 23?
12
Calculate the remainder when 214 is divided by 55.
49
Calculate the remainder when 128 is divided by 33.
29
What is the remainder when 2138 is divided by 34?
30
What is the remainder when 1552 is divided by 313?
300
Calculate the remainder when 6393 is divided by 33.
24
Calculate the remainder when 2455 is divided by 21.
19
What is the remainder when 778 is divided by 196?
190
Calculate the remainder when 566 is divided by 21.
20
Calculate the remainder when 2262 is divided by 206.
202
Calculate the remainder when 190 is divided by 106.
84
Calculate the remainder when 932 is divided by 55.
52
Calculate the remainder when 318 is divided by 163.
155
Calculate the remainder when 43 is divided by 10.
3
Calculate the remainder when 106 is divided by 27.
25
Calculate the remainder when 756 is divided by 33.
30
Calculate the remainder when 27 is divided by 18.
9
Calculate the remainder when 8696 is divided by 75.
71
What is the remainder when 85 is divided by 34?
17
Calculate the remainder when 445 is divided by 90.
85
What is the remainder when 2515 is divided by 97?
90
Calculate the remainder when 111 is divided by 28.
27
Calculate the remainder when 213 is divided by 47.
25
What is the remainder when 47 is divided by 19?
9
What is the remainder when 608 is divided by 121?
3
Calculate the remainder when 512 is divided by 109.
76
Calculate the remainder when 108 is divided by 73.
35
Calculate the remainder when 105 is divided by 76.
29
What is the remainder when 95 is divided by 24?
23
Calculate the remainder when 18147 is divided by 10.
7
Calculate the remainder when 187 is divided by 41.
23
What is the remainder when 7566 is divided by 43?
41
What is the remainder when 83 is divided by 22?
17
Calculate the remainder when 448 is divided by 33.
19
What is the remainder when 2352 is divided by 19?
15
Calculate the remainder when 1299 is divided by 26.
25
What is the remainder when 492 is divided by 36?
24
What is the remainder when 70 is divided by 18?
16
What is the remainder when 161 is divided by 55?
51
What is the remainder when 106 is divided by 96?
10
Calculate the remainder when 326 is divided by 35.
11
What is the remainder when 52 is divided by 16?
4
What is the remainder when 181 is divided by 26?
25
What is the remainder when 889 is divided by 70?
49
Calculate the remainder when 1120 is divided by 6.
4
Calculate the remainder when 125 is divided by 12.
5
What is the remainder when 104 is divided by 61?
43
What is the remainder when 2255 is divided by 94?
93
What is the remainder when 12505 is divided by 169?
168
What is the remainder when 36155 is divided by 131?
130
What is the remainder when 42 is divided by 33?
9
Calculate the remainder when 1127 is divided by 12.
11
What is the remainder when 3342 is divided by 18?
12
Calculate the remainder when 467 is divided by 185.
97
Calculate the remainder when 358 is divided by 90.
88
Calculate the remainder when 173 is divided by 95.
78
Calculate the remainder when 163 is divided by 15.
13
What is the remainder when 237 is divided by 213?
24
Calculate the remainder when 1391 is divided by 48.
47
What is the remainder when 153 is divided by 14?
13
What is the remainder when 12977 is divided by 6483?
11
What is the remainder when 604 is divided by 217?
170
Calculate the remainder when 202 is divided by 41.
38
Calculate the remainder when 315 is divided by 36.
27
What is the remainder when 537 is divided by 100?
37
What is the remainder when 1211 is divided by 27?
23
What is the remainder when 5938 is divided by 44?
42
Calculate the remainder when 493 is divided by 26.
25
Calculate the remainder when 535 is divided by 50.
35
Calculate the remainder when 232 is divided by 34.
28
Calculate the remainder when 1928 is divided by 1927.
1
What is the remainder when 117 is divided by 1?
0
What is the remainder when 7 is divided by 4?
3
What is the remainder when 2183 is divided by 39?
38
What is the remainder when 396 is divided by 19?
16
Calculate the remainder when 1164 is divided by 192.
12
What is the remainder when 92 is divided by 32?
28
What is the remainder when 371 is divided by 2?
1
Calculate the remainder when 279 is divided by 93.
0
Calculate the remainder when 31 is divided by 16.
15
Calculate the remainder when 613 is divided by 41.
39
Calculate the remainder when 55 is divided by 24.
7
Calculate the remainder when 293 is divided by 147.
146
What is the remainder when 1325 is divided by 121?
115
Calculate the remainder when 8033 is divided by 41.
38
Calculate the remainder when 328 is divided by 24.
16
What is the remainde